on factor of 20 and 89280.
20
What is the highest common divisor of 28 and 328132?
28
What is the highest common factor of 24087 and 87801?
777
What is the greatest common factor of 36427 and 4491?
499
Calculate the greatest common factor of 59 and 99002.
59
Calculate the greatest common factor of 765 and 181560.
255
What is the highest common divisor of 31734 and 7011?
369
Calculate the greatest common factor of 57948 and 2222.
22
Calculate the greatest common divisor of 30745 and 817.
43
What is the greatest common factor of 427296 and 6?
6
Calculate the greatest common factor of 231 and 33803.
77
What is the highest common factor of 1125 and 5760?
45
Calculate the greatest common factor of 1409709 and 42.
21
Calculate the greatest common divisor of 18881 and 2607.
79
Calculate the greatest common divisor of 3184 and 1782244.
796
What is the highest common factor of 431531 and 218?
109
Calculate the highest common factor of 2527 and 18088.
133
What is the highest common divisor of 17 and 690795?
17
Calculate the greatest common factor of 826 and 217474.
118
What is the highest common factor of 248064 and 120?
24
Calculate the highest common factor of 99 and 8283.
33
What is the highest common factor of 272 and 618272?
16
What is the greatest common divisor of 6060 and 31180?
20
Calculate the greatest common divisor of 5210 and 470.
10
Calculate the greatest common divisor of 49679 and 56.
7
What is the greatest common factor of 3990 and 91490?
70
What is the highest common divisor of 459 and 86373?
27
What is the highest common factor of 1976 and 164426?
38
What is the greatest common divisor of 651 and 507997?
217
What is the greatest common factor of 27657 and 27?
9
What is the highest common divisor of 96813 and 694?
347
What is the greatest common factor of 3111 and 272?
17
Calculate the greatest common factor of 1864 and 12582.
466
What is the highest common factor of 901 and 539699?
901
Calculate the highest common factor of 77 and 1589.
7
What is the greatest common divisor of 16152 and 312?
24
Calculate the greatest common divisor of 105937 and 58.
29
What is the highest common factor of 3467 and 5?
1
What is the highest common divisor of 2358 and 24678?
18
Calculate the highest common factor of 10005347 and 11.
11
What is the greatest common factor of 55528 and 40?
8
What is the highest common divisor of 61 and 71431?
61
What is the highest common divisor of 22781100 and 40?
20
Calculate the highest common factor of 6239 and 5270.
17
What is the highest common factor of 40 and 68145?
5
What is the greatest common factor of 11 and 5340599?
11
Calculate the greatest common divisor of 165157 and 27579.
317
What is the highest common factor of 2046 and 28923?
93
What is the highest common factor of 13 and 10335?
13
Calculate the highest common divisor of 18 and 48051.
9
Calculate the greatest common divisor of 50211 and 147.
21
Calculate the highest common factor of 12985 and 343.
49
Calculate the greatest common divisor of 280960 and 10624.
128
What is the greatest common divisor of 70 and 590?
10
What is the greatest common divisor of 474 and 319792?
158
What is the greatest common factor of 528481 and 347?
347
What is the greatest common divisor of 581 and 10375?
83
What is the highest common factor of 32 and 57376?
32
What is the greatest common divisor of 87661 and 49?
49
What is the greatest common divisor of 270 and 283932?
54
Calculate the highest common divisor of 88 and 86900.
44
Calculate the highest common divisor of 15 and 157395.
15
Calculate the greatest common factor of 416 and 2119.
13
Calculate the greatest common divisor of 28677 and 528.
33
What is the greatest common factor of 3538042 and 2276?
1138
Calculate the greatest common factor of 109322 and 188.
94
Calculate the highest common divisor of 80879 and 31.
31
Calculate the highest common divisor of 26 and 171392.
26
What is the highest common divisor of 196593 and 3591?
57
Calculate the greatest common divisor of 42 and 4854.
6
Calculate the greatest common factor of 841 and 2597849.
841
Calculate the highest common divisor of 786 and 9694.
262
What is the highest common divisor of 11528 and 426274?
262
Calculate the highest common divisor of 50992 and 16.
16
Calculate the highest common divisor of 396 and 263637.
99
What is the greatest common divisor of 408 and 43112?
136
Calculate the greatest common factor of 51834 and 3423.
489
Calculate the highest common factor of 114 and 141189.
57
What is the greatest common divisor of 20102 and 4370?
874
What is the highest common factor of 1420 and 1270?
10
What is the greatest common divisor of 23560 and 6232?
152
Calculate the highest common factor of 1469370 and 630.
210
What is the highest common divisor of 1161985 and 407?
407
Calculate the greatest common factor of 7802 and 99922.
94
What is the greatest common divisor of 72427 and 201?
67
What is the greatest common factor of 20 and 854390?
10
Calculate the greatest common divisor of 261976 and 312.
104
Calculate the highest common divisor of 198 and 32208.
66
Calculate the highest common factor of 10960 and 17125.
685
Calculate the highest common factor of 284 and 1298945.
71
Calculate the highest common divisor of 23960 and 520.
40
Calculate the greatest common divisor of 2773 and 564.
47
What is the highest common divisor of 132 and 70686?
66
Calculate the highest common divisor of 45789 and 63.
3
What is the greatest common factor of 437 and 5497?
23
What is the highest common factor of 67444 and 832?
52
Calculate the greatest common factor of 121095 and 69.
69
Calculate the greatest common divisor of 26081 and 77.
11
What is the greatest common divisor of 575576 and 8?
8
Calculate the greatest common divisor of 2769 and 17253.
213
What is the greatest common factor of 1048944 and 820?
164
What is the greatest common divisor of 273 and 120939?
273
What is the highest common factor of 4 and 16261?
1
What is the highest common factor of 3834 and 23217?
213
What is the highest common factor of 45724 and 19964?
644
What is the highest common factor of 435173 and 197?
197
What is the greatest common divisor of 6 and 9213?
3
Calculate the highest common divisor of 7479635 and 817.
817
Calculate the greatest common factor of 1260 and 10458.
126
What is the greatest common factor of 15776 and 20128?
544
What is the greatest common divisor of 30972 and 48?
12
Calculate the greatest common divisor of 833 and 37009.
119
Calculate the highest common divisor of 128 and 358.
2
What is the highest common divisor of 1386 and 25025?
77
Calculate the greatest common divisor of 13 and 793.
13
Calculate the highest common divisor of 54 and 67302.
18
What is the highest common factor of 812 and 793121?
203
What is the highest common divisor of 325125 and 9945?
765
What is the highest common divisor of 800 and 928?
32
What is the greatest common divisor of 273 and 35776?
13
What is the greatest common factor of 13925 and 175?
25
What is the highest common divisor of 3455 and 284692?
691
Calculate the highest common divisor of 160 and 170.
10
What is the greatest common divisor of 14898 and 9399?
39
What is the highest common factor of 810 and 29322?
162
What is the highest common factor of 3995 and 187?
17
What is the greatest common divisor of 45045 and 7755?
165
Calculate the highest common factor of 46365 and 281.
281
Calculate the greatest common factor of 6408 and 3024.
72
Calculate the greatest common factor of 151959 and 555.
111
Calculate the highest common factor of 1796 and 32777.
449
Calculate the greatest common factor of 4631 and 77.
11
Calculate the highest common factor of 32527 and 11.
11
Calculate the highest common factor of 11514 and 1938.
114
What is the greatest common factor of 20 and 1061750?
10
What is the highest common factor of 170 and 56690?
10
Calculate the highest common factor of 30 and 2862440.
10
Calculate the highest common divisor of 11163 and 3.
3
Calculate the greatest common factor of 4 and 857996.
4
Calculate the greatest common factor of 542 and 85094.
542
Calculate the highest common divisor of 3590 and 140.
10
Calculate the highest common factor of 634 and 2783260.
634
What is the highest common factor of 12839 and 1735?
347
Calcula